{"id":13798,"date":"2022-07-03T06:57:01","date_gmt":"2022-07-03T04:57:01","guid":{"rendered":"https:\/\/sabaglass.com\/alexander\/?page_id=13798"},"modified":"2023-10-21T23:41:19","modified_gmt":"2023-10-21T21:41:19","slug":"qui-sommes-nous","status":"publish","type":"page","link":"https:\/\/sabaglass.com\/alexander\/qui-sommes-nous\/","title":{"rendered":"Qui Sommes Nous"},"content":{"rendered":"<p>[vc_row gap=&#8221;15&#8243; equal_height=&#8221;yes&#8221; css=&#8221;.vc_custom_1656825220375{margin-bottom: 80px !important;}&#8221;][vc_column width=&#8221;5\/12&#8243;][vc_single_image image=&#8221;14279&#8243; css_animation=&#8221;fadeInUp&#8221;][\/vc_column][vc_column css_animation=&#8221;fadeInDown&#8221; width=&#8221;7\/12&#8243;][vc_column_text]<\/p>\n<h2>ALEXANDER<\/h2>\n<p>[\/vc_column_text]<div class=\"dash style-dark default\"><\/div>[vc_column_text]<\/p>\n<h3><strong>\u00c0 propos de nous<\/strong><\/h3>\n<p>Alexander est un acteur incontournable dans l&#8217;industrie de la maroquinerie gr\u00e2ce \u00e0 son expertise dans l&#8217;importation de mati\u00e8res premi\u00e8res de premi\u00e8re qualit\u00e9. Avec des ann\u00e9es d&#8217;exp\u00e9rience \u00e0 son actif, l&#8217;entreprise s&#8217;est forg\u00e9e une r\u00e9putation solide en fournissant aux fabricants de produits de maroquinerie les mat\u00e9riaux essentiels n\u00e9cessaires \u00e0 la cr\u00e9ation d&#8217;articles de luxe.<\/p>\n<h3><strong>Notre Engagement<\/strong><\/h3>\n<p>Chez Alexander, notre engagement est clair : fournir \u00e0 nos clients les mati\u00e8res premi\u00e8res de la plus haute qualit\u00e9 pour soutenir la cr\u00e9ation de produits de maroquinerie de renomm\u00e9e mondiale. Gr\u00e2ce \u00e0 des relations solides avec des fournisseurs du monde entier, nous veillons \u00e0 ce que chaque pi\u00e8ce de cuir, tissu et accessoire r\u00e9ponde aux normes les plus exigeantes en termes de qualit\u00e9 et d&#8217;esth\u00e9tique.<\/p>\n<h3><strong>Contactez-nous<\/strong><\/h3>\n<p>Nous serions ravis de discuter de la mani\u00e8re dont Alexander peut soutenir votre entreprise dans la cr\u00e9ation de produits de maroquinerie exceptionnels. N&#8217;h\u00e9sitez pas \u00e0 nous contacter d\u00e8s aujourd&#8217;hui \u00e0contact@alexander.dz pour en savoir plus sur nos services.[\/vc_column_text][\/vc_column][\/vc_row][vc_row full_width=&#8221;stretch_row&#8221; css=&#8221;.vc_custom_1656825804410{padding-top: 90px !important;padding-bottom: 120px !important;background: #ededed url(https:\/\/themicart.com\/interico-wpb\/wp-content\/uploads\/2018\/04\/vertical-lines-dark.png?id=9781) !important;background-position: 0 0 !important;background-repeat: repeat !important;}&#8221;][vc_column][vc_column_text]<\/p>\n<h2 style=\"text-align: center;\"><strong>Pourquoi Choisir Alexander ?<\/strong><\/h2>\n<p>[\/vc_column_text]<div class=\"dash style-dark centered\"><\/div>[vc_row_inner css=&#8221;.vc_custom_1656774232798{margin-top: 60px !important;}&#8221; el_class=&#8221;iconed&#8221;][vc_column_inner el_class=&#8221;animate&#8221; width=&#8221;1\/4&#8243;]<div class=\"number-box style-default spacing-30\"><div class=\"number-box-number\">1<\/div><div class=\"content-box\"><div class=\"content-box-info\"><h3>Qualit\u00e9 In\u00e9gal\u00e9e<\/h3><p class=\"number-box-content\">Nous sommes d\u00e9termin\u00e9s \u00e0 maintenir des normes de qualit\u00e9 in\u00e9gal\u00e9es pour chaque mat\u00e9riau que nous importons.<\/p><\/div><\/div><\/div>[\/vc_column_inner][vc_column_inner el_class=&#8221;animate animate-1&#8243; width=&#8221;1\/4&#8243;]<div class=\"number-box style-default spacing-30\"><div class=\"number-box-number\">2<\/div><div class=\"content-box\"><div class=\"content-box-info\"><h3>Expertise Mondiale<\/h3><p class=\"number-box-content\">Nos connexions internationales nous permettent d&#039;acc\u00e9der aux meilleurs fournisseurs de mati\u00e8res premi\u00e8res.<\/p><\/div><\/div><\/div>[\/vc_column_inner][vc_column_inner el_class=&#8221;animate animate-2&#8243; width=&#8221;1\/4&#8243;]<div class=\"number-box style-default spacing-30\"><div class=\"number-box-number\">3<\/div><div class=\"content-box\"><div class=\"content-box-info\"><h3>Collaboration Personnalis\u00e9e<\/h3><p class=\"number-box-content\">Nous travaillons en \u00e9troite collaboration avec nos clients pour r\u00e9pondre \u00e0 leurs besoins sp\u00e9cifiques en mati\u00e8res premi\u00e8res.<\/p><\/div><\/div><\/div>[\/vc_column_inner][vc_column_inner el_class=&#8221;animate animate-3&#8243; width=&#8221;1\/4&#8243;]<div class=\"number-box style-default spacing-30\"><a href=\"#\"><div class=\"number-box-number\">4<\/div><div class=\"content-box\"><div class=\"content-box-info\"><h3>R\u00e9putation \u00c9prouv\u00e9e<\/h3><p class=\"number-box-content\">Nous sommes fiers de contribuer au succ\u00e8s de nombreuses marques de maroquinerie prestigieuses \u00e0 travers l&#039;Alg\u00e9rie.<\/p><\/div><\/div><\/a><\/div>[\/vc_column_inner][\/vc_row_inner][\/vc_column][\/vc_row][vc_row full_width=&#8221;stretch_row&#8221; css=&#8221;.vc_custom_1537429606339{background: #f5f5f5 url(https:\/\/themicart.com\/interico-wpb\/wp-content\/uploads\/2018\/03\/vertical-lines-3-1.png?id=9229) !important;background-position: 0 0 !important;background-repeat: repeat !important;}&#8221; el_class=&#8221;spaced&#8221;][vc_column width=&#8221;1\/4&#8243;][vc_column_text]<\/p>\n<h2>Ce que nous avons accompli<\/h2>\n<p>[\/vc_column_text]<span class=\"subtitle dash-true style-dark text-default\">Nos point important<\/span>[\/vc_column][vc_column width=&#8221;3\/4&#8243;][vc_row_inner][vc_column_inner width=&#8221;1\/3&#8243;]<div class=\"number-box style-default spacing-0\"><div class=\"number-box-number\">100%<\/div><div class=\"content-box\"><div class=\"content-box-info\"><h3>Clients Satisfait<\/h3><\/div><\/div><\/div>[\/vc_column_inner][vc_column_inner width=&#8221;1\/3&#8243;]<div class=\"number-box style-default spacing-0\"><div class=\"number-box-number\">130<\/div><div class=\"content-box\"><div class=\"content-box-info\"><h3>Employ\u00e9s Professionel<\/h3><\/div><\/div><\/div>[\/vc_column_inner][vc_column_inner width=&#8221;1\/3&#8243;]<div class=\"number-box style-default spacing-30\"><div class=\"number-box-number\">+15<\/div><div class=\"content-box\"><div class=\"content-box-info\"><h3>Ans d&#039;experience<\/h3><\/div><\/div><\/div>[\/vc_column_inner][\/vc_row_inner][vc_row_inner gap=&#8221;15&#8243;][vc_column_inner width=&#8221;1\/2&#8243;][\/vc_column_inner][vc_column_inner width=&#8221;1\/2&#8243;][\/vc_column_inner][\/vc_row_inner][\/vc_column][\/vc_row]<\/p>\n","protected":false},"excerpt":{"rendered":"<p>[vc_row gap=&#8221;15&#8243; equal_height=&#8221;yes&#8221; css=&#8221;.vc_custom_1656825220375{margin-bottom: 80px !important;}&#8221;][vc_column width=&#8221;5\/12&#8243;][vc_single_image image=&#8221;14279&#8243; css_animation=&#8221;fadeInUp&#8221;][\/vc_column][vc_column css_animation=&#8221;fadeInDown&#8221; width=&#8221;7\/12&#8243;][vc_column_text] ALEXANDER [\/vc_column_text][vc_column_text] \u00c0 propos de nous Alexander est un acteur incontournable dans l&#8217;industrie de la maroquinerie gr\u00e2ce \u00e0 son expertise dans l&#8217;importation de mati\u00e8res premi\u00e8res de premi\u00e8re qualit\u00e9. Avec des ann\u00e9es d&#8217;exp\u00e9rience \u00e0 son actif, l&#8217;entreprise s&#8217;est forg\u00e9e une r\u00e9putation solide en fournissant aux [&hellip;]<\/p>\n","protected":false},"author":1,"featured_media":0,"parent":0,"menu_order":0,"comment_status":"closed","ping_status":"closed","template":"","meta":{"footnotes":""},"class_list":["post-13798","page","type-page","status-publish","hentry"],"_links":{"self":[{"href":"https:\/\/sabaglass.com\/alexander\/wp-json\/wp\/v2\/pages\/13798","targetHints":{"allow":["GET"]}}],"collection":[{"href":"https:\/\/sabaglass.com\/alexander\/wp-json\/wp\/v2\/pages"}],"about":[{"href":"https:\/\/sabaglass.com\/alexander\/wp-json\/wp\/v2\/types\/page"}],"author":[{"embeddable":true,"href":"https:\/\/sabaglass.com\/alexander\/wp-json\/wp\/v2\/users\/1"}],"replies":[{"embeddable":true,"href":"https:\/\/sabaglass.com\/alexander\/wp-json\/wp\/v2\/comments?post=13798"}],"version-history":[{"count":29,"href":"https:\/\/sabaglass.com\/alexander\/wp-json\/wp\/v2\/pages\/13798\/revisions"}],"predecessor-version":[{"id":14280,"href":"https:\/\/sabaglass.com\/alexander\/wp-json\/wp\/v2\/pages\/13798\/revisions\/14280"}],"wp:attachment":[{"href":"https:\/\/sabaglass.com\/alexander\/wp-json\/wp\/v2\/media?parent=13798"}],"curies":[{"name":"wp","href":"https:\/\/api.w.org\/{rel}","templated":true}]}}